s divided by o?
7
Let s be (-1)/3 + (-7)/(-3). Let z(j) = -j**2 + 4*j**s - j**2 - 4*j + 2. Calculate the remainder when 2 is divided by z(2).
0
Let q = -12 + 18. Calculate the remainder when 21 + q/(-3) - 0 is divided by 7.
5
Let z(i) = -i**3 - i**2 + i + 1. Let d(f) = -5*f**3 + 2*f**2 + 4*f + 8. Let b(g) = d(g) - 6*z(g). Calculate the remainder when 70 is divided by b(-8).
16
Suppose 4*m - 8 = -0*m. Calculate the remainder when 38 is divided by m/10 + 594/30.
18
Suppose -3*h - 4*l + 2 = -0, -3*l - 3 = 0. Suppose -28 = -2*n - h*n. Calculate the remainder when 2/((-4)/(-26) + 0) is divided by n.
6
Calculate the remainder when ((-8)/10)/(12/(-210)) is divided by 8.
6
What is the remainder when (4 - 9 - -3) + 28 + 2 is divided by 6?
4
Suppose 9 = -2*t - 9. Let m = -5 - t. What is the remainder when 14 is divided by m?
2
Let c(v) = -5*v + 4. Let o(t) = -9*t + 7. Let a(b) = 7*c(b) - 4*o(b). Suppose -2 + 22 = 5*p. What is the remainder when 5 is divided by a(p)?
1
Suppose 4 = -2*d + 12. What is the remainder when 11 is divided by d?
3
Let c = 5 + 25. Calculate the remainder when 116 is divided by c.
26
What is the remainder when 11 is divided by (1/1 - 1) + 19 + -15?
3
Suppose -50 = -2*h - 8. Calculate the remainder when 39 is divided by h.
18
Let x be (2/3)/((-4)/(-66)). Let j be (-4 - -3)*1*5. Let l = j + x. What is the remainder when 16 is divided by l?
4
Let n be (-223)/(-9) - 4/(-18). Suppose 4*o - 4*a = 0, 4*o + 0*a = -a + n. What is the remainder when 13 is divided by o?
3
Let a(q) = -2*q**3 - 4*q**2 + 3*q. What is the remainder when a(-4) is divided by 19?
14
Suppose 0 = 2*p - p - 18. Suppose -3*n = -5 - 43. Suppose n = -a + 50. Calculate the remainder when a is divided by p.
16
Let u be (-1)/2*-6 - 0. Suppose 0 = -3*k + o + 32, u*o = 5*k - 35 - 13. Calculate the remainder when 22 is divided by k.
10
Let n(m) = m**2 - 2*m + 1. Let y be n(6). Let o = y + -5. Calculate the remainder when 38 is divided by o.
18
Let b(h) = -3*h**3 + 2*h**2 + h + 6. Let d(m) = 6*m**3 - 4*m**2 - m - 11. Let z(x) = 5*b(x) + 3*d(x). Calculate the remainder when 31 is divided by z(2).
14
Suppose 0 = 4*y - 3*y - 55. Calculate the remainder when y is divided by 15.
10
Let u(d) = -35*d - 2. Let t be u(1). Let b = -2 - t. What is the remainder when b is divided by 9?
8
Let y = 72 + -26. What is the remainder when y is divided by ((324/(-15))/(-9))/(3/20)?
14
Suppose 0*m - 17 = -4*r - 3*m, 19 = 2*r + 5*m. Suppose -26 = -3*z - r*w, -w - 46 = -5*z - 3*w. What is the remainder when 28 is divided by z?
8
Suppose w + 9 = -2*w + 2*l, -3*w + 12 = 5*l. Let t = 10 + w. Calculate the remainder when 23 is divided by t.
5
Calculate the remainder when (-5 + 3)*(-91)/2 is divided by 24.
19
Let p(m) = -m**2 + 7*m + 11. Let i = 48 - 32. Suppose i = r + r. What is the remainder when 9 is divided by p(r)?
0
Suppose -45 - 315 = 3*g. Let u = 231 + g. Let x = -78 + u. Calculate the remainder when x is divided by 17.
16
Suppose 4*b - 28 = -0. What is the remainder when 12 is divided by b?
5
What is the remainder when 3 is divided by (-14)/(-35)*5 - (2 - 1)?
0
Suppose 2*i - 2 = 2. Suppose i*b - 33 = -1. What is the remainder when 31 is divided by b?
15
Let r be -6*((-80)/(-12) - -3). Let h = r - -103. Suppose 0*y + 5*y = 5*s - 55, -4*y + 40 = 3*s. Calculate the remainder when h is divided by s.
9
Let t(x) = -x**2 - 9*x + 4. Let b be t(-9). Let o = -4 + b. Suppose 2*c - 16 = -2*n, 2*n - 4*c = -o*c + 40. What is the remainder when 23 is divided by n?
11
Suppose 23*g - 222 - 31 = 0. What is the remainder when 1/(84/(-86) + 1) is divided by g?
10
Let h be (-1)/(-1) - (2 - 23). Let d be h/4 + 1/2. Let u = 0 + d. What is the remainder when 22 is divided by u?
4
Let l = 17 + -12. What is the remainder when 18 is divided by l?
3
Suppose 50 = o - 0*o. Suppose 0 = 2*t + 2*p - 90, -3*t + 5*p = -o - 61. Suppose k = 2*f - 19, f - 4*f - 3*k = -t. What is the remainder when 43 is divided by f?
10
Let p be (-2 - 1)/((-21)/28). Suppose 0 = -p*b - 5*y + 49, -5*y + 37 = 3*b - 6. What is the remainder when 9 is divided by b?
3
Let k = -18 - -31. Calculate the remainder when 51 is divided by k.
12
Let d be (129/9)/((-1)/6). Let c = -10 - d. Let f(i) = i**3 - 3*i**2 + i + 6. What is the remainder when c is divided by f(4)?
24
Let i = -69 - 101. Let l be (6/5)/((-4)/i). Suppose 4*k - 33 - l = 0. Calculate the remainder when k is divided by 6.
3
Let r(v) = 2*v + 9. Let a(u) = u**2 + 5. What is the remainder when a(-6) is divided by r(6)?
20
Suppose 8*u = 7*u + 50. Calculate the remainder when u is divided by 26.
24
Suppose -r = -9 - 170. What is the remainder when r is divided by 20?
19
Let s(h) = -h**2 - 5*h - 4. Let n be s(-6). Let u(y) = -y - 3. What is the remainder when u(n) is divided by 3?
1
Suppose -18 = -h - h. Suppose -t + 38 = -3*z, 3*t - 139 = -3*z - 25. Suppose -47 - t = -5*n. What is the remainder when n is divided by h?
8
Suppose -21 + 5 = -4*f. Suppose -f*c - 216 = -4*w, c + c - 198 = -4*w. What is the remainder when w is divided by 26?
25
Let q = 4 + 6. Let f(b) = 6*b - 6. Calculate the remainder when f(4) is divided by q.
8
Let d = -98 - -137. Calculate the remainder when d is divided by 15.
9
Suppose 3*l - 3 = 3*u, -4*u = -17 - 3. Let g(s) be the third derivative of s**5/30 - s**4/4 - s**3/3 - 4*s**2. What is the remainder when g(l) is divided by 12?
10
Let o = -29 + 53. What is the remainder when o is divided by 13?
11
Suppose 8*t + 3*w = 3*t + 561, 4*t = -5*w + 441. Calculate the remainder when t is divided by 29.
27
Suppose -16 = -5*k + k. Suppose -2*u + 106 = -k*f + f, -5*u + f = -239. Calculate the remainder when u is divided by 16.
15
Suppose -4 = -h - 3. Let z = h - -7. Let r = z + 4. What is the remainder when r is divided by 7?
5
Let o = -8 + 14. Let r be 1 + 0 + (27 - -2). Suppose -x = -3*w + r, -12 - 38 = -5*w + 4*x. What is the remainder when w is divided by o?
4
Let v(y) = -22*y - 1. Suppose 2*l = -3*k + 29, 0*k + 4*k + 2*l = 40. Calculate the remainder when v(-1) is divided by k.
10
Let t be 3 - (0 + (-12)/(-1)). Calculate the remainder when (-14)/(-5) - t/45 is divided by 1.
0
Let y(x) = x - 8. Let i(t) = -t + 8. Let f(q) = -3*i(q) - 4*y(q). Let v be f(6). Let a = 4 - v. Calculate the remainder when 5 is divided by a.
1
Let c(z) = -6*z**2 + 3*z + 19. Let i(u) = -7*u**2 + 2*u + 20. Let v(f) = -6*c(f) + 5*i(f). Calculate the remainder when 17 is divided by v(10).
5
Let s(a) = -10*a**3 - a**2. What is the remainder when 35 is divided by s(-1)?
8
Let a(j) = j**3 - 7*j**2 + 7*j + 3. What is the remainder when 24 is divided by a(6)?
6
Let i(c) = 6*c**2 + 3*c + 11. What is the remainder when i(-6) is divided by 42?
41
Let g be -1*(-2 - (-4 + 2)). Suppose 2*m + 0*m - 18 = g. Let l = 29 - 24. What is the remainder when m is divided by l?
4
Let p be (64/40)/((-2)/(-145)). Let o = p + -71. Calculate the remainder when o is divided by 8.
5
Let k = -15 - -28. Suppose -6*i = -2*i - 20. What is the remainder when k is divided by 1/i + (-120)/(-25)?
3
Let a(x) = x**3 - 12*x**2 + 21*x + 20. Calculate the remainder when 73 is divided by a(10).
13
Suppose -o + 4*o = 12. Suppose -58 = -3*f - w, 53 + 0 = 3*f - o*w. Calculate the remainder when 37 is divided by f.
18
Let y = 80 + -47. Let p = y + 14. Suppose -2*b = -b - p. Calculate the remainder when b is divided by 24.
23
Let r(i) = -9*i - 16. Suppose -13 + 218 = 5*m. What is the remainder when m is divided by r(-3)?
8
Let j = 164 - 43. What is the remainder when j is divided by (1 + -32)*1/(-1)?
28
Suppose 0 = -5*r - 2*s + 100 + 9, 46 = 2*r + 2*s. Let w = -6 + 3. Let f = 5 - w. What is the remainder when r is divided by f?
5
Let f(x) = -x**2 - 7*x + 31. Calculate the remainder when f(-9) is divided by 5.
3
Let o = -111 - -190. Calculate the remainder when o is divided by 14.
9
Suppose 5*r - 68 = 7. Calculate the remainder when r is divided by 4.
3
Suppose -2*g - 2*g + 12 = 0. Suppose g*c + 3 = 9. Suppose -w - c*w + 42 = 0. What is the remainder when 27 is divided by w?
13
Suppose -p - 3*g + 11 + 30 = 0, 3*g + 115 = 5*p. Let l(q) be the second derivative of q**3/2 - q. What is the remainder when p is divided by l(3)?
8
Let y(m) = 2*m - 1. Let k be (0 - 1) + (7 - 3). What is the remainder when 7 is divided by y(k)?
2
What is the remainder when ((-4)/